{"id":38,"date":"2011-05-11T14:49:10","date_gmt":"2011-05-11T14:49:10","guid":{"rendered":"http:\/\/estreesbmx.com\/?page_id=38"},"modified":"2011-05-11T14:54:51","modified_gmt":"2011-05-11T14:54:51","slug":"le-bmx","status":"publish","type":"page","link":"http:\/\/estreesbmx.com\/?page_id=38","title":{"rendered":"LE BMX"},"content":{"rendered":"<p>Le BMX (Bicycle Moto Cross) ou Bicross est n\u00e9 aux Etats-Unis en 1970. Il a \u00e9t\u00e9 introduit en France en 1980 puis reconnu comme \u00ab\u00a0Sport de Haut Niveau\u00a0\u00bb en 1988 lors de son int\u00e9gration \u00e0 la F\u00e9d\u00e9ration Fran\u00e7aise de Cyclisme. A l&rsquo;instar d&rsquo;autres sports, le BMX, comporte plusieurs disciplines parmi lesquelles on peut y trouver la RACE et le DIRT.<br \/>\n&#8211; La Race est la discipline originelle du BMX. Elle se pratique sur une piste d&rsquo;une longueur d&rsquo;environ 400 m\u00e8tres parsem\u00e9e d&rsquo;obstacles divers.<br \/>\n&#8211; Le Dirt consiste \u00e0 effectuer des encha\u00eenements de sauts sur des bosses tr\u00e8s raides. Il est pratiqu\u00e9 dans des \u00ab\u00a0champs de bosses\u00a0\u00bb aussi bien par les \u00ab\u00a0Dirters\u00a0\u00bb, pour y effectuer diverses figures, que par les \u00ab\u00a0Racers\u00a0\u00bb dans le cadre de leur entra\u00eenement pour parfaire leur technique.<\/p>\n<p>La Race \u00e0 elle seule repr\u00e9sente environ 90 000 licenci\u00e9s dans le monde. En France on compte approximativement 12 500 pilotes, 260 clubs, 350 pistes permanentes et est quantitativement le deuxi\u00e8me pays derri\u00e8re les Etats-Unis. Apr\u00e8s les Championnats d&rsquo;Europe en 2003, la France a accueilli les Championnats du Monde en 2005 au Palais Omnisport de Paris Bercy. Pour la premi\u00e8re fois aux Jeux Olympiques \u00e0 P\u00e9kin  en ao\u00fbt 2008, Les deux fran\u00e7aises ont remport\u00e9 les m\u00e9dailles d\u2019or et d\u2019argent pour faire de la France le pays leader dans le monde en terme de r\u00e9sultats.<\/p>\n<p>Une course se d\u00e9roule en 3 manches qualificatives (les 8 m\u00eames pilotes prennent place sur la grille de d\u00e9part \u00e0 des emplacements diff\u00e9rents). A l\u2019issue de ces manches, les 4 premiers sont qualifi\u00e9s pour la suite de la comp\u00e9tition qui se d\u00e9roule alors par \u00e9limination directe jusqu\u2019\u00e0 la finale. Chaque manche dure environ 40 \u00e0 50 secondes. Les meilleurs pilotes peuvent atteindre des vitesses de pointe de l\u2019ordre de 60 km\/h. Les obstacles, construits en terre, peuvent atteindre 3m de haut et jusqu\u2019\u00e0 9m de long. Sur ce type d\u2019obstacle, les pilotes peuvent s\u2019envoler durant plus d\u2019une seconde \u00e0 des hauteurs qui peuvent avoisiner les 4 ou 5 m\u00e8tres.<br \/>\nLes techniques de saut et d&rsquo;enroulage sont tr\u00e8s importantes pour n\u00e9gocier au mieux les diff\u00e9rents obstacles mais lors des comp\u00e9titions la technique ne suffit pas. La concentration, la vivacit\u00e9 d&rsquo;esprit, l&rsquo;intelligence de course et le mental y jouent \u00e9galement un r\u00f4le pr\u00e9pond\u00e9rant. M\u00eame si le Bicross est un sport individuel, une dynamique de groupe est indispensable pour progresser. C&rsquo;est ainsi, au sein du groupe que chaque individu peut apprendre le go\u00fbt de l&rsquo;effort et la ma\u00eetrise de soi mais aussi la rigueur et l&rsquo;humilit\u00e9. Le Bicross est un sport de r\u00e9f\u00e9rence tant d&rsquo;un point de vue technique que physiologique. En effet, de nombreux grands champions actuels sont issus du BMX. On les retrouve aussi bien dans le cyclisme, le VTT ou le Motocross mais aussi dans des disciplines plus inattendues comme le ski, le hockey sur glace ou la course automobile.<\/p>\n","protected":false},"excerpt":{"rendered":"<p>Le BMX (Bicycle Moto Cross) ou Bicross est n\u00e9 aux Etats-Unis en 1970. Il a \u00e9t\u00e9 introduit en France en 1980 puis reconnu comme \u00ab\u00a0Sport de Haut Niveau\u00a0\u00bb en 1988 lors de son int\u00e9gration \u00e0 la F\u00e9d\u00e9ration Fran\u00e7aise de Cyclisme. A l&rsquo;instar d&rsquo;autres sports, le BMX, comporte plusieurs disciplines parmi lesquelles on peut y trouver [&hellip;]<\/p>\n","protected":false},"author":2,"featured_media":0,"parent":0,"menu_order":0,"comment_status":"closed","ping_status":"open","template":"","meta":{"ngg_post_thumbnail":0},"_links":{"self":[{"href":"http:\/\/estreesbmx.com\/index.php?rest_route=\/wp\/v2\/pages\/38"}],"collection":[{"href":"http:\/\/estreesbmx.com\/index.php?rest_route=\/wp\/v2\/pages"}],"about":[{"href":"http:\/\/estreesbmx.com\/index.php?rest_route=\/wp\/v2\/types\/page"}],"author":[{"embeddable":true,"href":"http:\/\/estreesbmx.com\/index.php?rest_route=\/wp\/v2\/users\/2"}],"replies":[{"embeddable":true,"href":"http:\/\/estreesbmx.com\/index.php?rest_route=%2Fwp%2Fv2%2Fcomments&post=38"}],"version-history":[{"count":2,"href":"http:\/\/estreesbmx.com\/index.php?rest_route=\/wp\/v2\/pages\/38\/revisions"}],"predecessor-version":[{"id":46,"href":"http:\/\/estreesbmx.com\/index.php?rest_route=\/wp\/v2\/pages\/38\/revisions\/46"}],"wp:attachment":[{"href":"http:\/\/estreesbmx.com\/index.php?rest_route=%2Fwp%2Fv2%2Fmedia&parent=38"}],"curies":[{"name":"wp","href":"https:\/\/api.w.org\/{rel}","templated":true}]}}