{"id":6784,"date":"2017-10-04T19:06:32","date_gmt":"2017-10-04T17:06:32","guid":{"rendered":"http:\/\/estreesbmx.com\/?page_id=6784"},"modified":"2017-10-04T19:09:24","modified_gmt":"2017-10-04T17:09:24","slug":"trousse-doutillage","status":"publish","type":"page","link":"http:\/\/estreesbmx.com\/?page_id=6784","title":{"rendered":"TROUSSE D&rsquo;OUTILLAGE"},"content":{"rendered":"    <!--[section]-->\n\t\t<style>\n.bd-section-446420165{\n\tline-height:  27.2px;\n\tfont-size:  16px;\n\ttext-align:  center;\n\tfont-weight:  400;\n}\n.bd-section-446420165 h3{\n\tline-height:  45px;\n\tfont-size:  30px;\n\tfont-weight:  200;\n\tmargin-top:  0.5em;\n}\n<\/style>\t\t<section id=section4 class=\" bd-section-446420165  bd-tagstyles\" data-section-title=\"Business Six Columns\">\n\t\t\t<div class=\"bd-container-inner bd-margins clearfix\">\n\t\t\t\t<!--{content}-->\n\t\t\t\t\t    <!--[columns]-->\n        <style>\n.bd-layoutcontainer-979381649 > .bd-container-inner > .container-fluid > .row{height:calc(100%);margin:0px;}\n.bd-layoutcontainer-979381649 > .bd-container-inner > .container-fluid > .row > div{padding:0px;}\n.bd-layoutcontainer-979381649  > .bd-container-inner > .container-fluid:after{display:none;}<\/style><style>\n.bd-layoutcontainer-979381649 > .bd-container-inner > .container-fluid, .bd-layoutcontainer-979381649 > .bd-container-inner > .container-fluid > .row{height:100%;}<\/style><style>.bd-layoutcontainer-979381649 > .bd-container-inner > .container-fluid {padding-left: 0; padding-right: 0;margin-left: 0!important; margin-right: 0!important;}<\/style>        <style>\n.bd-layoutcolumn-860387513{padding:2em;}\n@media (max-width: 767px) {.bd-layoutcolumn-860387513{min-height:300px;}}\n\n@media (max-width: 991px) {.bd-columnwrapper-860387513{order:3;}}\n@media (max-width: 767px) {.bd-columnwrapper-860387513{order:2;}}\n\n.bd-layoutcolumn-65852696{background-attachment:scroll;padding:2em;}\n@media (max-width: 991px) {.bd-layoutcolumn-65852696{min-height:300px;}}\n@media (max-width: 767px) {.bd-layoutcolumn-65852696{min-height:300px;}}\n\n@media (max-width: 991px) {.bd-columnwrapper-65852696{order:1;}}\n@media (max-width: 767px) {.bd-columnwrapper-65852696{order:1;}}\n\n.bd-layoutcolumn-870371283{padding:2em;}\n@media (max-width: 767px) {.bd-layoutcolumn-870371283{min-height:300px;}}\n\n@media (max-width: 991px) {.bd-columnwrapper-870371283{order:4;}}\n@media (max-width: 767px) {.bd-columnwrapper-870371283{order:3;}}\n\n.bd-layoutcolumn-1787836144{padding:2em;}\n@media (max-width: 991px) {.bd-layoutcolumn-1787836144{min-height:300px;}}\n@media (max-width: 767px) {.bd-layoutcolumn-1787836144{min-height:300px;}}\n\n@media (max-width: 991px) {.bd-columnwrapper-1787836144{order:2;}}\n@media (max-width: 767px) {.bd-columnwrapper-1787836144{order:4;}}\n\n.bd-layoutcolumn-1325364074{padding:2em;}\n@media (max-width: 767px) {.bd-layoutcolumn-1325364074{min-height:300px;}}\n\n@media (max-width: 991px) {.bd-columnwrapper-1325364074{order:5;}}\n@media (max-width: 767px) {.bd-columnwrapper-1325364074{order:5;}}\n\n.bd-layoutcolumn-864020929{padding:2em;}\n@media (max-width: 767px) {.bd-layoutcolumn-864020929{min-height:300px;}}\n\n@media (max-width: 991px) {.bd-columnwrapper-864020929{order:6;}}<\/style>        <div class=\" bd-layoutcontainer-979381649  bd-columns bd-no-margins\">\n            <div class=\"bd-container-inner\">\n                <div class=\"container-fluid\">\n                    <div class=\"row bd-row-flex bd-row-align-middle\">\n                        <!--{content}-->\n                                <!--[column]-->\n        <div class=\"col-md-4 col-sm-6 bd-columnwrapper-860387513\">\n            <div class=\"bd-column  bd-layoutcolumn-860387513 \">\n                <div class=\"bd-vertical-align-wrapper\">\n                    <!--{content}-->\n                            <!--[text]-->\n                <p class=\" additional-class-216182023  bd-content-element\">\n            <!--{content}-->\n                <b>Pneumatiques&nbsp;:<\/b>\nPr\u00e9voir des d\u00e9monte-pneus et une chambre \u00e0 air de rechange. Cela permet de r\u00e9parer rapidement une crevaison.            <!--{\/content}-->\n        <\/p>\n    <!--[\/text]-->\n                    <!--{\/content}-->\n                <\/div>\n            <\/div>\n        <\/div>\n    <!--[\/column]-->\n\n\t\n\t\t    <!--[column]-->\n        <div class=\"col-md-4 col-sm-6 bd-columnwrapper-65852696\">\n            <div class=\"bd-column  bd-layoutcolumn-65852696 \">\n                <div class=\"bd-vertical-align-wrapper\">\n                    <!--{content}-->\n                        <!--[image]--><style>\n.additional-class-916178691{width:auto;}<\/style><img src=\"http:\/\/estreesbmx.com\/wp-content\/uploads\/2017\/10\/eaffa6c09e819c5c0151c8a48bb12b89_chambreaaire.png\" class=\" additional-class-916178691   bd-imagestyles bd-own-margins\"><!--{content}--><!--{\/content}--><!--[\/image]-->                    <!--{\/content}-->\n                <\/div>\n            <\/div>\n        <\/div>\n    <!--[\/column]-->\n\n\t\n\t\t    <!--[column]-->\n        <div class=\"col-md-4 col-sm-6 bd-columnwrapper-870371283\">\n            <div class=\"bd-column  bd-layoutcolumn-870371283 \">\n                <div class=\"bd-vertical-align-wrapper\">\n                    <!--{content}-->\n                        <!--[image]--><style>\n.additional-class-1874917065{width:auto;}<\/style><img src=\"http:\/\/estreesbmx.com\/wp-content\/uploads\/2017\/10\/377894bd2012214530bce8730a42beec_demontepneus.png\" class=\" additional-class-1874917065   bd-imagestyles bd-own-margins\"><!--{content}--><!--{\/content}--><!--[\/image]-->                    <!--{\/content}-->\n                <\/div>\n            <\/div>\n        <\/div>\n    <!--[\/column]-->\n\n\t\n\t\t    <!--[column]-->\n        <div class=\"col-md-4 col-sm-6 bd-columnwrapper-1787836144\">\n            <div class=\"bd-column  bd-layoutcolumn-1787836144 \">\n                <div class=\"bd-vertical-align-wrapper\">\n                    <!--{content}-->\n                        <!--[image]--><style>\n.additional-class-2012212915{width:initial;}<\/style><img src=\"http:\/\/estreesbmx.com\/wp-content\/uploads\/2017\/10\/1d97254ac3a82401ef857a4216f58bb3_cablederechange.png\" class=\" additional-class-2012212915   bd-imagestyles bd-own-margins\"><!--{content}--><!--{\/content}--><!--[\/image]-->\n\t\n\t\t\n    <!--[spacer]-->\n    <style>\n.bd-spacer-540952013{height:20px;}\n@media (max-width: 1199px) {.bd-spacer-540952013{height:10px;}}\n@media (max-width: 991px) {.bd-spacer-540952013{height:20px;}}<\/style>    <div class=\" bd-spacer-540952013  clearfix\">\n        <!--{content}--><!--{\/content}-->\n    <\/div>\n    <!--[\/spacer]-->\n\n    \n\t\n\t\t    <!--[text]-->\n                <p class=\" additional-class-1590018568  bd-content-element\">\n            <!--{content}-->\n                Freinage&nbsp;:\n\nPr\u00e9voir un c\u00e2ble de rechange            <!--{\/content}-->\n        <\/p>\n    <!--[\/text]-->\n                    <!--{\/content}-->\n                <\/div>\n            <\/div>\n        <\/div>\n    <!--[\/column]-->\n\n\t\n\t\t    <!--[column]-->\n        <div class=\"col-md-4 col-sm-6 bd-columnwrapper-1325364074\">\n            <div class=\"bd-column  bd-layoutcolumn-1325364074 \">\n                <div class=\"bd-vertical-align-wrapper\">\n                    <!--{content}-->\n                        <!--[image]--><style>\n.additional-class-616374961{width:initial;}<\/style><img src=\"http:\/\/estreesbmx.com\/wp-content\/uploads\/2017\/10\/8951d0b1407036d1b636bcc0723f58fb_attacherapidechaine.png\" class=\" additional-class-616374961   bd-imagestyles bd-own-margins\"><!--{content}--><!--{\/content}--><!--[\/image]-->\n\t\n\t\t\n    <!--[spacer]-->\n    <style>\n.bd-spacer-279830517{height:20px;}\n@media (max-width: 1199px) {.bd-spacer-279830517{height:10px;}}\n@media (max-width: 991px) {.bd-spacer-279830517{height:20px;}}<\/style>    <div class=\" bd-spacer-279830517  clearfix\">\n        <!--{content}--><!--{\/content}-->\n    <\/div>\n    <!--[\/spacer]-->\n\n    \n\t\n\t\t    <!--[text]-->\n                <p class=\" additional-class-1541628441  bd-content-element\">\n            <!--{content}-->\n                Transmission&nbsp;: Pr\u00e9voir une attache rapide            <!--{\/content}-->\n        <\/p>\n    <!--[\/text]-->\n                    <!--{\/content}-->\n                <\/div>\n            <\/div>\n        <\/div>\n    <!--[\/column]-->\n\n\t\n\t\t    <!--[column]-->\n        <div class=\"col-md-4 col-sm-6 bd-columnwrapper-864020929\">\n            <div class=\"bd-column  bd-layoutcolumn-864020929 \">\n                <div class=\"bd-vertical-align-wrapper\">\n                    <!--{content}-->\n                        <!--[image]--><style>\n.additional-class-611859224{width:120px;}<\/style><img src=\"http:\/\/estreesbmx.com\/wp-content\/uploads\/2017\/10\/c9dc74b35f79a0c2c4778d1f6de0dcfa_lubrifiantchaine.png\" class=\" additional-class-611859224   bd-imagestyles bd-own-margins\"><!--{content}--><!--{\/content}--><!--[\/image]-->\n\t\n\t\t<!--[image]--><style>\n.additional-class-1083487239{width:140px;}<\/style><img src=\"http:\/\/estreesbmx.com\/wp-content\/uploads\/2017\/10\/d5cffff9d56b51319309327a053b0024_lubrifiantchaine2.png\" class=\" additional-class-1083487239   bd-imagestyles bd-own-margins\"><!--{content}--><!--{\/content}--><!--[\/image]-->\n\t\n\t\t\n    <!--[spacer]-->\n    <style>\n.bd-spacer-1768666976{height:20px;}\n@media (max-width: 1199px) {.bd-spacer-1768666976{height:10px;}}\n@media (max-width: 991px) {.bd-spacer-1768666976{height:20px;}}<\/style>    <div class=\" bd-spacer-1768666976  clearfix\">\n        <!--{content}--><!--{\/content}-->\n    <\/div>\n    <!--[\/spacer]-->\n\n    \n\t\n\t\t    <!--[text]-->\n                <p class=\" additional-class-1791170961  bd-content-element\">\n            <!--{content}-->\n                Transmissions&nbsp;:\n\nPr\u00e9voir un lubrifiant sec pour le roulage et un lubrifiant gras pour le\nstockage. Disponibles dans les magasins de bricolage ou de cycles            <!--{\/content}-->\n        <\/p>\n    <!--[\/text]-->\n                    <!--{\/content}-->\n                <\/div>\n            <\/div>\n        <\/div>\n    <!--[\/column]-->\n                        <!--{\/content}-->\n                    <\/div>\n                <\/div>\n            <\/div>\n        <\/div>\n    <!--[\/columns]-->\n\t\t\t\t<!--{\/content}-->\n\t\t\t<\/div>\n\t\t<\/section>\n\t<!--[\/section]-->\n\n    <!--[section]-->\n\t\t<style>\n.bd-section-1156911006{\n\tline-height:  27.2px;\n\tfont-size:  16px;\n\ttext-align:  center;\n\tfont-weight:  400;\n}\n.bd-section-1156911006 h3{\n\tline-height:  45px;\n\tfont-size:  30px;\n\tfont-weight:  200;\n\tmargin-top:  0.5em;\n}\n<\/style>\t\t<section id=section4 class=\" bd-section-1156911006  bd-tagstyles\" data-section-title=\"Business Six Columns\">\n\t\t\t<div class=\"bd-container-inner bd-margins clearfix\">\n\t\t\t\t<!--{content}-->\n\t\t\t\t\t    <!--[columns]-->\n        <style>\n.bd-layoutcontainer-1319179240 > .bd-container-inner > .container-fluid > .row{height:calc(100%);margin:0px;}\n.bd-layoutcontainer-1319179240 > .bd-container-inner > .container-fluid > .row > div{padding:0px;}\n.bd-layoutcontainer-1319179240  > .bd-container-inner > .container-fluid:after{display:none;}<\/style><style>\n.bd-layoutcontainer-1319179240 > .bd-container-inner > .container-fluid, .bd-layoutcontainer-1319179240 > .bd-container-inner > .container-fluid > .row{height:100%;}<\/style><style>.bd-layoutcontainer-1319179240 > .bd-container-inner > .container-fluid {padding-left: 0; padding-right: 0;margin-left: 0!important; margin-right: 0!important;}<\/style>        <style>\n.bd-layoutcolumn-977828571{padding:2em;}\n@media (max-width: 767px) {.bd-layoutcolumn-977828571{min-height:300px;}}\n\n@media (max-width: 991px) {.bd-columnwrapper-977828571{order:3;}}\n@media (max-width: 767px) {.bd-columnwrapper-977828571{order:2;}}\n\n.bd-layoutcolumn-2104479734{background-attachment:scroll;padding:2em;}\n@media (max-width: 991px) {.bd-layoutcolumn-2104479734{min-height:300px;}}\n@media (max-width: 767px) {.bd-layoutcolumn-2104479734{min-height:300px;}}\n\n@media (max-width: 991px) {.bd-columnwrapper-2104479734{order:1;}}\n@media (max-width: 767px) {.bd-columnwrapper-2104479734{order:1;}}\n\n.bd-layoutcolumn-142650597{padding:2em;}\n@media (max-width: 767px) {.bd-layoutcolumn-142650597{min-height:300px;}}\n\n@media (max-width: 991px) {.bd-columnwrapper-142650597{order:4;}}\n@media (max-width: 767px) {.bd-columnwrapper-142650597{order:3;}}\n\n.bd-layoutcolumn-858383400{background-color:#f5f5f5;padding:2em;}\n@media (max-width: 767px) {.bd-layoutcolumn-858383400{min-height:300px;}}\n\n@media (max-width: 991px) {.bd-columnwrapper-858383400{order:6;}}<\/style>        <div class=\" bd-layoutcontainer-1319179240  bd-columns bd-no-margins\">\n            <div class=\"bd-container-inner\">\n                <div class=\"container-fluid\">\n                    <div class=\"row bd-row-flex bd-row-align-middle\">\n                        <!--{content}-->\n                                <!--[column]-->\n        <div class=\"col-md-4 col-sm-6 bd-columnwrapper-977828571\">\n            <div class=\"bd-column  bd-layoutcolumn-977828571 \">\n                <div class=\"bd-vertical-align-wrapper\">\n                    <!--{content}-->\n                            <!--[text]-->\n                <p class=\" additional-class-1716099731  bd-content-element\">\n            <!--{content}-->\n                <b>Outillage :\n<\/b>Pr\u00e9voir un bloc multifonctions qui permet d'avoir les cl\u00e9s allen,\ntournevis et d\u00e9rive-chaine sous la main. Une pince multifonctions ainsi\nque des cl\u00e9s plates de 10 et 15 (en g\u00e9n\u00e9ral) seront un plus.            <!--{\/content}-->\n        <\/p>\n    <!--[\/text]-->\n                    <!--{\/content}-->\n                <\/div>\n            <\/div>\n        <\/div>\n    <!--[\/column]-->\n\n\t\n\t\t    <!--[column]-->\n        <div class=\"col-md-4 col-sm-6 bd-columnwrapper-2104479734\">\n            <div class=\"bd-column  bd-layoutcolumn-2104479734 \">\n                <div class=\"bd-vertical-align-wrapper\">\n                    <!--{content}-->\n                        <!--[image]--><style>\n.additional-class-2052866571{width:auto;}<\/style><img src=\"http:\/\/estreesbmx.com\/wp-content\/uploads\/2017\/10\/23fbce7830a299af67cee506c4529dd7_cls.png\" class=\" additional-class-2052866571   bd-imagestyles bd-own-margins\"><!--{content}--><!--{\/content}--><!--[\/image]-->                    <!--{\/content}-->\n                <\/div>\n            <\/div>\n        <\/div>\n    <!--[\/column]-->\n\n\t\n\t\t    <!--[column]-->\n        <div class=\"col-md-4 col-sm-6 bd-columnwrapper-142650597\">\n            <div class=\"bd-column  bd-layoutcolumn-142650597 \">\n                <div class=\"bd-vertical-align-wrapper\">\n                    <!--{content}-->\n                        <!--[image]--><style>\n.additional-class-395822896{width:120px;}<\/style><img src=\"http:\/\/estreesbmx.com\/wp-content\/uploads\/2017\/10\/0af7e1235c71c3969fa94366446ac19e_pince.png\" class=\" additional-class-395822896   bd-imagestyles bd-own-margins\"><!--{content}--><!--{\/content}--><!--[\/image]-->\n\t\n\t\t<!--[image]--><style>\n.additional-class-1532882120{width:120px;}<\/style><img src=\"http:\/\/estreesbmx.com\/wp-content\/uploads\/2017\/10\/2364ebc6ffd38bd5b85cfad5158f7f84_clplate.png\" class=\" additional-class-1532882120   bd-imagestyles bd-own-margins\"><!--{content}--><!--{\/content}--><!--[\/image]-->                    <!--{\/content}-->\n                <\/div>\n            <\/div>\n        <\/div>\n    <!--[\/column]-->\n\n\t\n\t\t    <!--[column]-->\n        <div class=\"col-md-12 col-sm-6 bd-columnwrapper-858383400\">\n            <div class=\"bd-column  bd-layoutcolumn-858383400 \">\n                <div class=\"bd-vertical-align-wrapper\">\n                    <!--{content}-->\n                        \n    <!--[spacer]-->\n    <style>\n.bd-spacer-1447852675{height:20px;}\n@media (max-width: 1199px) {.bd-spacer-1447852675{height:10px;}}\n@media (max-width: 991px) {.bd-spacer-1447852675{height:20px;}}<\/style>    <div class=\" bd-spacer-1447852675  clearfix\">\n        <!--{content}--><!--{\/content}-->\n    <\/div>\n    <!--[\/spacer]-->\n\n    \n\t\n\t\t    <!--[text]-->\n                <p class=\" additional-class-1647378602  bd-content-element\">\n            <!--{content}-->\n                Rappel&nbsp;: En cas de participation \u00e0 un stage du club, votre enfant devra\navoir une chambre \u00e0 air de secours ou un n\u00e9cessaire de r\u00e9paration            <!--{\/content}-->\n        <\/p>\n    <!--[\/text]-->\n                    <!--{\/content}-->\n                <\/div>\n            <\/div>\n        <\/div>\n    <!--[\/column]-->\n                        <!--{\/content}-->\n                    <\/div>\n                <\/div>\n            <\/div>\n        <\/div>\n    <!--[\/columns]-->\n\t\t\t\t<!--{\/content}-->\n\t\t\t<\/div>\n\t\t<\/section>\n\t<!--[\/section]-->\n\n","protected":false},"excerpt":{"rendered":"","protected":false},"author":3,"featured_media":0,"parent":38,"menu_order":0,"comment_status":"closed","ping_status":"closed","template":"","meta":{"ngg_post_thumbnail":0},"_links":{"self":[{"href":"http:\/\/estreesbmx.com\/index.php?rest_route=\/wp\/v2\/pages\/6784"}],"collection":[{"href":"http:\/\/estreesbmx.com\/index.php?rest_route=\/wp\/v2\/pages"}],"about":[{"href":"http:\/\/estreesbmx.com\/index.php?rest_route=\/wp\/v2\/types\/page"}],"author":[{"embeddable":true,"href":"http:\/\/estreesbmx.com\/index.php?rest_route=\/wp\/v2\/users\/3"}],"replies":[{"embeddable":true,"href":"http:\/\/estreesbmx.com\/index.php?rest_route=%2Fwp%2Fv2%2Fcomments&post=6784"}],"version-history":[{"count":2,"href":"http:\/\/estreesbmx.com\/index.php?rest_route=\/wp\/v2\/pages\/6784\/revisions"}],"predecessor-version":[{"id":6796,"href":"http:\/\/estreesbmx.com\/index.php?rest_route=\/wp\/v2\/pages\/6784\/revisions\/6796"}],"up":[{"embeddable":true,"href":"http:\/\/estreesbmx.com\/index.php?rest_route=\/wp\/v2\/pages\/38"}],"wp:attachment":[{"href":"http:\/\/estreesbmx.com\/index.php?rest_route=%2Fwp%2Fv2%2Fmedia&parent=6784"}],"curies":[{"name":"wp","href":"https:\/\/api.w.org\/{rel}","templated":true}]}}